 What is the greatest common factor of k and 66?
6
Let w be (-1)/6 + 3633/(-18). Let r = -97 - w. What is the highest common divisor of 15 and r?
15
Suppose -4*l = -3*b + 173, 5*l - 155 = -2*b - b. Let h = 5 - -9. Let m be 6/(-21) + 312/h. What is the greatest common factor of b and m?
11
Let i = 276 + -45. Let x = 46 - 25. Calculate the highest common divisor of i and x.
21
Let k = 304 - 66. What is the highest common factor of k and 14?
14
Suppose 5*b - 9 = 3*n, -41 = -5*n - 5*b - 16. Suppose 3 = c - 13. What is the highest common factor of c and n?
2
Let q = 153 + -352. Suppose 2*b = x + 621, 4*x + 1469 - 229 = 4*b. Let p = q + b. Calculate the greatest common factor of p and 14.
14
Let f be 153/18 - (-3)/6. Calculate the greatest common factor of 63 and f.
9
Let v be (-198)/(-10) - 72/90. Calculate the greatest common divisor of 38 and v.
19
Let h(d) = 11*d**2 - 2*d - 1. Let c be h(-1). Suppose 2*o + 3*y = 5*o - 225, o - 2*y - 78 = 0. What is the greatest common divisor of c and o?
12
Let i = -43 + 67. Calculate the highest common divisor of i and 6.
6
Suppose -c = -2*c. Suppose c*i - 8 = -4*i. Suppose -3*p - 5*t + 15 = 0, p - t + 0*t = 13. What is the greatest common factor of p and i?
2
Suppose 4*v + 14 = 5*p - 9, 7 = 3*p + v. Suppose 7 = p*u - 2. What is the greatest common factor of 12 and u?
3
Let a be (4/(-6))/((-4)/102). Suppose -5*f + 33 = -a. What is the highest common divisor of f and 15?
5
Suppose 2*a = -a. Suppose o - 2*o + 15 = a. What is the highest common factor of 60 and o?
15
Let q(l) = -l**2 - 9*l + 1. Let r be q(-8). What is the greatest common factor of 36 and r?
9
Let k(n) = -6*n + 3. Let f be k(-4). Suppose -5*h = -3*w + 47, -2*h - f + 11 = -w. What is the highest common factor of 21 and w?
7
Let q = -218 - -333. What is the highest common factor of 46 and q?
23
Let y be ((-12)/(-9))/(2/33). Calculate the highest common factor of 33 and y.
11
Let k = -28 + 57. Let y = k + -9. Let t(v) = 5*v**3 - v**2 + 1. Let w be t(1). What is the highest common factor of y and w?
5
Suppose 2*h + 16 = 2*n - 2*h, 0 = -n + 5*h + 2. Let t be 3/(27/(-6))*-9. What is the highest common divisor of t and n?
6
Suppose -464 = -14*m + 26. What is the highest common factor of m and 10?
5
Let v be (-2)/(1 + 1 + -1). Let f be v/3*(-15 + 0). Calculate the highest common divisor of f and 70.
10
Let m = -20 + 12. Let v be 210*(-2)/m*2. What is the greatest common factor of 21 and v?
21
Let f(s) = -s + 4. Let c be f(2). Let v be c/6 - 5/(-3). Calculate the highest common factor of v and 3.
1
Suppose 0 = 5*o + 12 + 8. Let l = o - -8. Suppose 24 = p - 2*i - 0*i, -i = l. Calculate the highest common factor of p and 112.
16
Let q be (8/(-6))/(4/(-12)). Suppose 5*j + 10 = -5*s, s + q*j + 2 = -0*s. Let t = s + 17. Calculate the highest common factor of 75 and t.
15
Let h be 0/(-3 - -2 - 0). Suppose 20 + h = 5*k. Suppose 5*r + k*u - 36 = 33, -3*u = -3*r + 36. What is the highest common divisor of r and 143?
13
Suppose -5*a - 5*g + 85 = 0, 4*a + 2*g - 61 = 13. Calculate the highest common factor of a and 80.
20
Suppose -7 - 53 = -2*q. Let w(l) = l**3 - 4*l**2 - 3*l. Let a be w(5). What is the highest common factor of a and q?
10
Suppose 5*m + 998 = -22. Let a be (-1)/(-5) + m/20. Let y = -2 - a. Calculate the greatest common factor of y and 2.
2
Let r(d) be the third derivative of -d**5/60 + 7*d**4/24 + d**3 - d**2. Let l be r(9). Let j be ((-1)/2)/(1/l). What is the greatest common factor of j and 12?
6
Suppose -3*k - 5*h + h = -22, 5*h = 5. Let n(j) = 8*j + 8. Let u be n(k). What is the greatest common divisor of u and 84?
28
Let i = 32 + -20. What is the greatest common factor of i and 8?
4
Let l(i) = 4*i - 1. Suppose 2*u + 3 = -q, 5*q - 4*u - 10 = 3*q. Let g be l(q). What is the highest common divisor of 27 and g?
3
Suppose 312 = 159*j - 156*j. What is the highest common divisor of j and 16?
8
Suppose 0*s - 2*s + p = -6, -4*s = 3*p - 22. Suppose -s*b = -2*b - 8, 4*b = 4*o + 248. Let z = 94 + o. Calculate the highest common divisor of z and 12.
12
Suppose 0 = -4*j + 12, -k + 2*j + 29 = 4*k. Let y be 82/7 + 2/k. Calculate the greatest common factor of 8 and y.
4
Let j(x) = x**2 - 8*x + 10. Let f be j(8). Suppose -40 = 6*d - d. Let q be ((-10)/d)/((-1)/(-4)). What is the highest common factor of f and q?
5
Suppose -5*y = -y + 4. Let d be 2*(-10)/4*y. Calculate the highest common factor of 5 and d.
5
Let g = -2 + 3. Calculate the highest common divisor of 2 and g.
1
Let o = -6 - -10. Suppose l - 3*i = -0*i - 24, -5*l - 90 = -5*i. Let p be -1 - -2 - (l + -4). What is the greatest common divisor of p and o?
4
Suppose 6*o - 3*o - 3 = -5*p, -2*o = -4*p - 2. Suppose 2*s + 4*r - 1 = 7, -s - 4*r = p. Let z be s/40 - (-14)/5. What is the highest common divisor of 33 and z?
3
Suppose 2 = 2*k, -2 = -4*r + 3*k + 3. Suppose -2 = -r*x + 4. Suppose 630 = 2*b + x*b. What is the highest common factor of b and 14?
14
Let p(w) = -w**2 + 9*w - 1. Let m be p(5). What is the highest common divisor of 19 and m?
19
Suppose 0 = -5*z + 3*z + 22. Let i be (-1)/3 - (-266)/6. What is the highest common divisor of z and i?
11
Let f(k) = -3*k + 1. Let j be f(-5). Let q = -34 - -46. Suppose l - 4*g = q, -2*l + 4*l + g = 15. Calculate the highest common factor of l and j.
8
Suppose -5*x + 10 = 5*f, -3*f - f - 10 = -5*x. Suppose f = -2*w + 2 + 2. Suppose -21 = -w*m + 5. Calculate the greatest common divisor of 143 and m.
13
Let h be (-1940)/(-36) + 2/18. Calculate the greatest common divisor of h and 6.
6
Let g(c) = -c**3 + 6*c**2 + 10*c - 5. Let l be g(7). Suppose -2*t - l = -4*m, t = 3*m - t - 13. What is the greatest common divisor of 3 and m?
3
Let r = 16 + -9. Let f be 25/(-10)*536/(-10). Let j = -85 + f. What is the highest common divisor of j and r?
7
Let m be (-2)/(-3) + 22/3. Suppose 4*f - m = 4*h, 0*f - 3*f = 4*h - 6. Suppose -d - 3*d + 48 = h. Calculate the highest common factor of d and 30.
6
Let g = 41 + 19. What is the highest common divisor of 12 and g?
12
Let l be (-6)/(-9)*((-170)/(-4) - 2). What is the highest common divisor of l and 81?
27
Let b = -6 + 31. Calculate the greatest common divisor of 5 and b.
5
Let k be (-30)/(-2) + 6/(-3). Suppose 0 = -5*m + 4*m + 104. Calculate the greatest common divisor of k and m.
13
Let b be 12/3 + -2 + 1. Suppose -3*d + 230 = -154. Suppose -b*r + d = -7. What is the greatest common divisor of r and 18?
9
Let y(o) = o**3 - 3*o**2 - o - 2. Let c be y(4). Suppose 0 = 2*a - 129 - 11. Calculate the highest common factor of a and c.
10
Suppose 3*m + 5*d - 148 = -11, -4*m + 178 = 2*d. Calculate the highest common factor of m and 11.
11
Let u(j) = 46*j**2 + j. Let x be u(-1). Suppose -4*p + 4*f + 44 = 0, 6*f - 4*f - 23 = -3*p. Suppose -p = -w - 0. What is the highest common divisor of x and w?
9
Let t = -5 - -7. Let x be (4 - -1) + -2 + 3 + -1. Calculate the greatest common factor of t and x.
1
Let x(w) be the third derivative of w**6/120 + 7*w**5/30 + 5*w**4/12 - 19*w**3/6 - 4*w**2. Let v be x(-13). Calculate the highest common divisor of 160 and v.
20
Let c = -1 - -2. Let w be 2 + 1 + 1/c. Suppose z + 278 = w*l, 0 = -l - 0*z - 2*z + 74. What is the highest common divisor of l and 14?
14
Let c be -1 - (-3 - -3) - 17. Let b be (-10)/45 + (-58)/c. Suppose 3*m - 2*a = 26, -4*a + 32 = 3*m - b*a. Calculate the greatest common factor of 90 and m.
10
Suppose -2*g = 3*g + 150. Let l = g - -58. Suppose 12 = 4*p, c + 4*p - l = 10. Calculate the highest common factor of c and 39.
13
Suppose -13 - 32 = -3*f. Let j = 4 - 8. Let k be (3/j)/((-3)/24). Calculate the greatest common divisor of f and k.
3
Suppose 2*u = 6*u. Let z = 42 + u. Calculate the highest common divisor of z and 21.
21
Let b be 1*4 - (-4 + 1). Calculate the greatest common divisor of b and 7.
7
Let h = -12 + 25. Suppose 4*p - 2*u = 3*p + 17, 0 = -p - 2*u + h. Suppose 97 = 4*c - p. What is the highest common factor of 224 and c?
28
Let b be 2 + 15 + (-4 - -3). Calculate the greatest common divisor of b and 24.
8
Let l = 4 + -7. Let r = 9 + l. Calculate the highest common factor of 66 and r.
6
Let i be 69/12 + 10/8. Suppose 0 = 5*j + 2 - 12. Suppose 6*m - j*m = 252. Calculate the highest common factor of i and m.
7
Let g(f) = f**2 + 5*f + 2. Let a be g(-7). Suppose o = -0*o + 8. Calcu